102 - 1?
202220101
In base 13, what is -11 + -13bc4?
-13c05
In base 14, what is -8557 + -344?
-889b
In base 2, what is 10010110101110111100 - 111011?
10010110101110000001
In base 4, what is -33133332103 - -11?
-33133332032
In base 9, what is 71067 + -773?
70184
In base 13, what is -23192 - 1a8?
-2336a
In base 12, what is 129 - 48018?
-47aab
In base 7, what is -2651 - 223401?
-226352
In base 4, what is 323 + 3130230201?
3130231130
In base 14, what is -2 - -50c62?
50c60
In base 9, what is 76 + 210266?
210353
In base 4, what is 112232112122 + 2?
112232112130
In base 16, what is -1f3 - 13e9?
-15dc
In base 10, what is -1375238 - 127?
-1375365
In base 6, what is 1 + 3333343403?
3333343404
In base 2, what is 111101010010 + 1001111010?
1000111001100
In base 7, what is -146 + 1214320?
1214141
In base 3, what is -1122102011101022 - 11?
-1122102011101110
In base 9, what is -188430377 + 3?
-188430374
In base 7, what is 220526 + 246?
221105
In base 8, what is -5 + -132144551?
-132144556
In base 4, what is -132133 - 103331333?
-110130132
In base 11, what is -1 + -13416a6a?
-13416a70
In base 16, what is -1 - 7c0a346?
-7c0a347
In base 6, what is -5 - 1151105220?
-1151105225
In base 3, what is -122100011222202 - -1?
-122100011222201
In base 2, what is -1100000001111011001 + 100100011?
-1100000001010110110
In base 12, what is -4 + -7bb828?
-7bb830
In base 6, what is 0 + -50332144?
-50332144
In base 5, what is -1312402310 + -4?
-1312402314
In base 10, what is 61725 + -16?
61709
In base 6, what is 43044151 + -1002?
43043145
In base 5, what is -2342400 + -402?
-2343302
In base 15, what is 906 + ce1?
16e7
In base 15, what is e5c5e6a + -5?
e5c5e65
In base 11, what is -484 + -44aa7?
-45480
In base 3, what is 11012202 - 102001?
10210201
In base 11, what is -5 - -17a2a99?
17a2a94
In base 3, what is -21211112012 + 1011212?
-21210100100
In base 4, what is 133212 - 23301132?
-23101320
In base 15, what is -a5be3 - -ea?
-a5ae8
In base 5, what is -114440 + 1444024?
1324034
In base 14, what is -b0 - -9985?
98b5
In base 4, what is 2031 - 10123022312?
-10123020221
In base 2, what is -1100101001 - -111001000111010101010?
111001000101110000001
In base 15, what is 9 - -1e409e8?
1e40a02
In base 7, what is -502 + 131632?
131130
In base 10, what is 11198700 - 5?
11198695
In base 3, what is 212101 - 11010220212?
-11010001111
In base 13, what is 31 - -9728a?
972bb
In base 5, what is -10042 - -13201240?
13141143
In base 2, what is 1101001110100110010 - 100001101100?
1101001010011000110
In base 5, what is -44013 + 30403?
-13110
In base 6, what is 4233 - -24542131?
24550404
In base 11, what is 239 + 697496?
697724
In base 13, what is 3 + -2b5ac49?
-2b5ac46
In base 15, what is -d1a + -84e25?
-85c40
In base 5, what is -10 - -34232004103?
34232004043
In base 13, what is -15 - -1633b4c?
1633b37
In base 5, what is 31110133100 + 2?
31110133102
In base 5, what is -324 + -2140131030?
-2140131404
In base 14, what is 176716a - -19?
1767185
In base 15, what is -de - -5d23c?
5d14d
In base 16, what is 1 + 12eba2?
12eba3
In base 10, what is -6 + 24231154?
24231148
In base 9, what is -642 - -24155?
23413
In base 16, what is -675 - 65c1?
-6c36
In base 3, what is 1000212212 + -1011111?
222201101
In base 9, what is 4700 + -12?
4677
In base 13, what is 8 + -181839a?
-1818392
In base 15, what is -ae - 14a97?
-14b56
In base 8, what is -6353 - -3227?
-3124
In base 13, what is 3 - 52c8736?
-52c8733
In base 7, what is -3 - -6430651425?
6430651422
In base 10, what is -3 + 2753277?
2753274
In base 9, what is -24536183 + -4?
-24536187
In base 10, what is 38673996 - -1?
38673997
In base 13, what is 3 + -90cc888?
-90cc885
In base 3, what is -22211212210 + 1202000?
-22210010210
In base 12, what is -147b93476 - 4?
-147b9347a
In base 16, what is 1 - 571e0?
-571df
In base 9, what is 2850784 + 176?
2851071
In base 12, what is -4b - 88b03?
-88b52
In base 15, what is 0 - 10eebccb?
-10eebccb
In base 3, what is 220020011211 + 21002?
220020102220
In base 13, what is 1684080 - -1?
1684081
In base 10, what is -9279010 + -5?
-9279015
In base 9, what is -432 + 3544177?
3543645
In base 7, what is -311551244 - 2?
-311551246
In base 10, what is 1 + -76094283?
-76094282
In base 2, what is 1 - -101101101010001101010110?
101101101010001101010111
In base 12, what is -a64 + -16997?
-1783b
In base 6, what is 242313033 - 1?
242313032
In base 8, what is 640 - 25111?
-24251
In base 12, what is -293 - 76b222?
-76b4b5
In base 13, what is 5 + -340c12?
-340c0a
In base 8, what is 250 - -670015?
670265
In base 15, what is 4 + -1b5354c?
-1b53548
In base 13, what is -2390 + -14852?
-16c12
In base 16, what is -4cec2f + -3?
-4cec32
In base 12, what is -1a4 + 7a6b9?
7a515
In base 7, what is 52151 - 4502?
44346
In base 6, what is -114541111 + -5?
-114541120
In base 8, what is 14 + -10251243?
-10251227
In base 8, what is -21 - -47764300?
47764257
In base 7, what is -4 - -45012402?
45012365
In base 11, what is 8029 + 1177?
91a5
In base 3, what is 120220 + 1020102221110?
1020110112100
In base 13, what is 6338 - -784?
6abc
In base 2, what is 1000 - -11110010100001110111?
11110010100001111111
In base 3, what is 11 - -2102201120120?
2102201120201
In base 6, what is 211451343224 - 1?
211451343223
In base 5, what is 3221410203 + -10?
3221410143
In base 2, what is -11000 + -11100011000100110?
-11100011000111110
In base 10, what is -123609 - 2568?
-126177
In base 9, what is -142 - -40853?
40711
In base 7, what is 1641 - 352331?
-350360
In base 12, what is -152 + -74305?
-74457
In base 8, what is 14 - -13537470?
13537504
In base 5, what is -1114020 + -102?
-1114122
In base 8, what is 271113741 + 2?
271113743
In base 12, what is -144 - 10487b?
-104a03
In base 2, what is -110011101101111 + 1101010?
-110011100000101
In base 5, what is -40211 + -1241240?
-1332001
In base 4, what is -20121210122 - 1?
-20121210123
In base 9, what is 1670 + 1256?
3036
In base 8, what is 361 + 4555454?
4556035
In base 9, what is -1 + -107042823?
-107042824
In base 2, what is -100100001 + -1010010001?
-1110110010
In base 2, what is 1100000 + 1110111110100101010101?
1110111110100110110101
In base 9, what is -225018858 - -3?
-225018855
In base 3, what is 1221 + 2122120100?
2122122021
In base 16, what is 57dc5 + 38?
57dfd
In base 16, what is 31 + -c2384f?
-c2381e
In base 15, what is 13bb - -19d?
1569
In base 5, what is -1030 - 1230021032?
-1230022112
In base 6, what is -202545 - -1014?
-201531
In base 2, what is 1100111001010000110 - 100101?
1100111001001100001
In base 12, what is 5201 - 62b?
4792
In base 5, what is -131014333 + -31?
-131014414
In base 7, what is 6002 - -232553?
241555
In base 6, what is -3035054424 - 0?
-3035054424
In base 9, what is -146685 - -1385?
-145300
In base 12, what is 144925 + 56?
14497b
In base 9, what is -6845 + 346?
-6488
In base 16, what is 2ae9e08 - -1?
2ae9e09
In base 16, what is 1751f3 - 4f?
1751a4
In base 16, what is 74887f0 - 0?
74887f0
In base 15, what is -18e8b4b + 2?
-18e8b49
In base 2, what is 1101001011 + -1100100101011101?
-1100011000010010
In base 6, what is -2413 + -111125520?
-111132333
In base 13, what is 16423a1 + 4?
16423a5
In base 7, what is 43064350 + -44?
43064303
In base 5, what is 320431 + 1031244?
1402230
In base 16, what is -a29a + -72?
-a30c
In base 5, what is 1022042 + 140102?
1212144
In base 6, what is -415 - 4311032?
-4311451
In base 5, what is 314410 - -113332?
433242
In base 14, what is 20 + 50d7b?
50d9b
In base 3, what is -20002221 + -1220100121?
-2010110112
In base 10, what is -4670234 - -2?
-4670232
In base 5, what is -41421 + -2103032?
-2200003
In base 15, what is -50b + -2c276?
-2c782
In base 13, what is 6703207 - 14?
67031c3
In base 13, what is -21 - 41b668?
-41b689
In base 8, what is 31 + -151022702?
-151022651
In base 15, what is -3 + 433541?
43353d
In base 12, what is -113 + 1a0658?
1a0545
In base 12, what is -60489 + 94a?
-5b73b
In base 11, what is -4 - 27a3761?
-27a3765
In base 3, what is -10101110011000 + -211?
-10101110011211
In base 15, what is -209c - 612?
-26ae
In base 10, what is 40675511 + 0?
40675511
In base 8, what is 34 - 1202160?
-1202124
In base 14, what is -c29337 - 8?
-c29341
In base 16, what is -98 + -cd88?
-ce20
In base 9, what is 1064 - -1186662?
1187736
In base 6, what is 1 - 341010055?
-341010054
I